at is the highest common factor of 42586 and 214?
214
Calculate the highest common divisor of 519 and 3.
3
What is the greatest common factor of 221 and 13?
13
What is the highest common factor of 3 and 14727?
3
What is the greatest common factor of 21 and 2625?
21
Calculate the highest common divisor of 2120 and 40.
40
Calculate the greatest common factor of 8165 and 142.
71
Calculate the highest common divisor of 822 and 36.
6
Calculate the greatest common divisor of 150 and 6.
6
What is the highest common divisor of 3146 and 26?
26
Calculate the highest common divisor of 55 and 5.
5
Calculate the highest common divisor of 22 and 176.
22
What is the greatest common divisor of 9 and 6309?
9
Calculate the highest common factor of 14339 and 13.
13
What is the highest common divisor of 576 and 54?
18
What is the greatest common divisor of 511 and 4307?
73
What is the greatest common factor of 24 and 4240?
8
What is the greatest common divisor of 18 and 6?
6
Calculate the greatest common divisor of 11 and 209.
11
Calculate the highest common factor of 65 and 208.
13
What is the highest common factor of 34 and 2686?
34
Calculate the greatest common divisor of 43 and 1591.
43
What is the greatest common factor of 1232 and 48?
16
What is the greatest common divisor of 330 and 132?
66
Calculate the greatest common divisor of 5092 and 76.
76
Calculate the highest common factor of 123 and 1517.
41
Calculate the greatest common divisor of 86 and 946.
86
Calculate the greatest common divisor of 756 and 105.
21
Calculate the greatest common divisor of 44 and 4972.
44
What is the greatest common divisor of 333 and 63?
9
Calculate the greatest common factor of 40 and 460.
20
Calculate the greatest common divisor of 488 and 305.
61
Calculate the highest common divisor of 3554 and 4.
2
Calculate the greatest common divisor of 1255 and 35.
5
Calculate the highest common factor of 1969 and 88.
11
Calculate the highest common factor of 534 and 66.
6
What is the highest common factor of 108 and 72?
36
Calculate the greatest common divisor of 64 and 68.
4
What is the highest common divisor of 248 and 558?
62
What is the greatest common factor of 19536 and 37?
37
What is the greatest common divisor of 176 and 44?
44
What is the highest common factor of 1872 and 585?
117
Calculate the highest common divisor of 6 and 498.
6
Calculate the greatest common divisor of 98 and 92218.
98
What is the highest common factor of 900 and 20?
20
Calculate the highest common factor of 2 and 278.
2
Calculate the greatest common factor of 606 and 42.
6
What is the highest common factor of 64 and 296?
8
What is the highest common divisor of 16 and 8144?
16
What is the highest common divisor of 324 and 24?
12
Calculate the greatest common divisor of 611 and 329.
47
Calculate the greatest common divisor of 92 and 437.
23
Calculate the greatest common factor of 7 and 72.
1
What is the highest common factor of 16 and 56?
8
Calculate the highest common factor of 10 and 570.
10
What is the highest common factor of 156 and 8?
4
What is the highest common factor of 6435 and 198?
99
What is the greatest common factor of 48 and 4416?
48
What is the highest common divisor of 1751 and 3399?
103
What is the greatest common factor of 46 and 2?
2
Calculate the greatest common divisor of 1894 and 2.
2
Calculate the greatest common divisor of 30 and 120.
30
Calculate the highest common divisor of 12 and 1812.
12
Calculate the highest common divisor of 75 and 6.
3
Calculate the highest common factor of 117 and 846.
9
What is the greatest common factor of 376 and 16?
8
What is the greatest common divisor of 1680 and 196?
28
Calculate the highest common divisor of 96 and 20192.
32
Calculate the greatest common factor of 180 and 54.
18
Calculate the highest common divisor of 3333 and 165.
33
What is the greatest common factor of 10 and 190?
10
Calculate the highest common factor of 2668 and 138.
46
Calculate the greatest common factor of 480 and 4920.
120
What is the greatest common factor of 31068 and 27?
9
What is the greatest common factor of 68 and 4?
4
Calculate the greatest common factor of 32 and 9640.
8
What is the highest common factor of 39 and 4992?
39
Calculate the greatest common factor of 70 and 40.
10
Calculate the greatest common factor of 286 and 44.
22
What is the greatest common factor of 15793 and 17?
17
Calculate the highest common divisor of 27 and 54.
27
Calculate the greatest common divisor of 7046 and 104.
26
What is the highest common factor of 4825 and 100?
25
What is the greatest common divisor of 42 and 21?
21
What is the highest common factor of 86 and 9718?
86
What is the greatest common factor of 33124 and 588?
196
Calculate the greatest common factor of 14012 and 31.
31
Calculate the highest common divisor of 20 and 50.
10
Calculate the greatest common divisor of 192 and 162.
6
What is the greatest common divisor of 29 and 348?
29
Calculate the greatest common divisor of 84 and 24.
12
What is the greatest common divisor of 481 and 65?
13
What is the highest common divisor of 575 and 1955?
115
What is the highest common divisor of 117 and 2249?
13
What is the highest common factor of 3619 and 1001?
77
What is the highest common factor of 162 and 2025?
81
Calculate the highest common divisor of 777 and 147.
21
What is the greatest common factor of 21 and 966?
21
Calculate the highest common divisor of 16 and 3184.
16
Calculate the greatest common divisor of 39 and 299.
13
What is the greatest common divisor of 8 and 184?
8
Calculate the highest common divisor of 84 and 140.
28
Calculate the greatest common divisor of 136 and 113560.
136
What is the highest common divisor of 189 and 729?
27
Calculate the highest common divisor of 7182 and 228.
114
Calculate the highest common divisor of 860 and 100.
20
What is the highest common divisor of 30 and 1010?
10
What is the highest common divisor of 12 and 2748?
12
Calculate the greatest common divisor of 12 and 96.
12
What is the greatest common divisor of 72 and 64?
8
Calculate the highest common factor of 1356 and 576.
12
What is the greatest common divisor of 180 and 4410?
90
Calculate the highest common factor of 165 and 15.
15
Calculate the highest common factor of 7 and 896.
7
What is the highest common factor of 504 and 14?
14
Calculate the highest common factor of 34968 and 24.
24
What is the highest common divisor of 25 and 120?
5
Calculate the highest common divisor of 1387 and 19.
19
What is the greatest common divisor of 11320 and 40?
40
Calculate the highest common divisor of 32 and 10784.
32
Calculate the highest common factor of 132 and 15378.
66
What is the greatest common factor of 50 and 450?
50
What is the highest common divisor of 750 and 6?
6
What is the highest common factor of 35 and 4501?
7
What is the highest common divisor of 18 and 1710?
18
What is the highest common factor of 90 and 750?
30
What is the highest common divisor of 26 and 1079?
13
Calculate the greatest common divisor of 3483 and 81.
81
What is the highest common factor of 21 and 91?
7
What is the highest common divisor of 455 and 2665?
65
What is the greatest common factor of 18 and 3006?
18
Calculate the greatest common factor of 77 and 51821.
77
What is the greatest common divisor of 42 and 189?
21
What is the greatest common divisor of 1397 and 121?
11
What is the highest common factor of 4070 and 660?
110
Calculate the highest common divisor of 2 and 278.
2
What is the highest common factor of 28 and 182?
14
What is the highest common factor of 2754 and 102?
102
What is the greatest common divisor of 6644 and 55?
11
Calculate the greatest common divisor of 2180 and 120.
20
What is the highest common factor of 98 and 343?
49
What is the highest common factor of 51 and 391?
17
What is the greatest common factor of 7535 and 11?
11
Calculate the greatest common factor of 190 and 40.
10
Calculate the highest common factor of 2304 and 1008.
144
What is the highest common factor of 120 and 5544?
24
What is the highest common divisor of 1045 and 95?
95
What is the highest common divisor of 81 and 288?
9
Calculate the greatest common factor of 14 and 56.
14
Calculate the highest common divisor of 783 and 513.
27
Calculate the greatest commo